s the thousands digit of 3856?
3
What is the units digit of 3566?
6
What is the hundreds digit of 2368?
3
What is the tens digit of 177730?
3
What is the units digit of 6648?
8
What is the hundreds digit of 34012?
0
What is the units digit of 15609?
9
What is the tens digit of 22718?
1
What is the hundreds digit of 79886?
8
What is the tens digit of 1062?
6
What is the thousands digit of 3820?
3
What is the units digit of 106?
6
What is the thousands digit of 1385?
1
What is the units digit of 412?
2
What is the tens digit of 7449?
4
What is the units digit of 10086?
6
What is the units digit of 142?
2
What is the units digit of 5539?
9
What is the thousands digit of 36815?
6
What is the tens digit of 7762?
6
What is the thousands digit of 45570?
5
What is the units digit of 21941?
1
What is the units digit of 3971?
1
What is the units digit of 9679?
9
What is the hundreds digit of 24607?
6
What is the hundreds digit of 888?
8
What is the hundreds digit of 4442?
4
What is the ten thousands digit of 71838?
7
What is the units digit of 2002?
2
What is the thousands digit of 87752?
7
What is the thousands digit of 14656?
4
What is the units digit of 72577?
7
What is the units digit of 6171?
1
What is the thousands digit of 18365?
8
What is the units digit of 9518?
8
What is the tens digit of 5949?
4
What is the thousands digit of 9489?
9
What is the ten thousands digit of 14560?
1
What is the hundreds digit of 2370?
3
What is the hundreds digit of 26177?
1
What is the ten thousands digit of 77215?
7
What is the hundreds digit of 99955?
9
What is the units digit of 5130?
0
What is the ten thousands digit of 33460?
3
What is the units digit of 612?
2
What is the thousands digit of 106218?
6
What is the hundreds digit of 7164?
1
What is the hundreds digit of 1903?
9
What is the ten thousands digit of 28256?
2
What is the units digit of 12914?
4
What is the tens digit of 25305?
0
What is the hundreds digit of 1747?
7
What is the thousands digit of 3358?
3
What is the ten thousands digit of 70780?
7
What is the tens digit of 13097?
9
What is the hundreds digit of 25474?
4
What is the thousands digit of 67671?
7
What is the thousands digit of 4335?
4
What is the units digit of 77073?
3
What is the tens digit of 5541?
4
What is the thousands digit of 1430?
1
What is the units digit of 6096?
6
What is the tens digit of 4162?
6
What is the thousands digit of 3962?
3
What is the hundreds digit of 92222?
2
What is the hundreds digit of 2608?
6
What is the hundreds digit of 785?
7
What is the thousands digit of 26495?
6
What is the units digit of 60224?
4
What is the units digit of 6889?
9
What is the ten thousands digit of 34038?
3
What is the units digit of 576?
6
What is the tens digit of 78?
7
What is the ten thousands digit of 15154?
1
What is the thousands digit of 14480?
4
What is the hundreds digit of 3439?
4
What is the tens digit of 2843?
4
What is the hundreds digit of 1945?
9
What is the units digit of 286?
6
What is the hundreds digit of 4373?
3
What is the thousands digit of 84922?
4
What is the tens digit of 560?
6
What is the units digit of 21428?
8
What is the thousands digit of 46730?
6
What is the hundreds digit of 3615?
6
What is the units digit of 535?
5
What is the ten thousands digit of 118199?
1
What is the thousands digit of 2750?
2
What is the hundreds digit of 1324?
3
What is the hundreds digit of 1043?
0
What is the thousands digit of 50160?
0
What is the units digit of 1012?
2
What is the units digit of 25615?
5
What is the thousands digit of 12922?
2
What is the hundred thousands digit of 138681?
1
What is the ten thousands digit of 36676?
3
What is the thousands digit of 1579?
1
What is the hundreds digit of 4218?
2
What is the thousands digit of 1128?
1
What is the ten thousands digit of 48081?
4
What is the units digit of 1090?
0
What is the tens digit of 20187?
8
What is the thousands digit of 2906?
2
What is the tens digit of 3699?
9
What is the hundreds digit of 20456?
4
What is the thousands digit of 107469?
7
What is the thousands digit of 1764?
1
What is the hundreds digit of 906?
9
What is the tens digit of 111528?
2
What is the units digit of 245?
5
What is the tens digit of 612?
1
What is the hundreds digit of 864?
8
What is the tens digit of 1383?
8
What is the tens digit of 18505?
0
What is the ten thousands digit of 14011?
1
What is the units digit of 83?
3
What is the units digit of 5000?
0
What is the tens digit of 2633?
3
What is the units digit of 3558?
8
What is the hundreds digit of 618?
6
What is the units digit of 2777?
7
What is the tens digit of 1038?
3
What is the tens digit of 466?
6
What is the units digit of 11112?
2
What is the thousands digit of 36744?
6
What is the units digit of 186?
6
What is the ten thousands digit of 88318?
8
What is the units digit of 2347?
7
What is the units digit of 64539?
9
What is the hundreds digit of 433?
4
What is the hundreds digit of 978?
9
What is the hundreds digit of 4863?
8
What is the hundreds digit of 4194?
1
What is the thousands digit of 197807?
7
What is the thousands digit of 5940?
5
What is the hundreds digit of 31986?
9
What is the ten thousands digit of 19705?
1
What is the ten thousands digit of 19837?
1
What is the units digit of 3544?
4
What is the tens digit of 2456?
5
What is the tens digit of 753?
5
What is the thousands digit of 3741?
3
What is the hundreds digit of 2472?
4
What is the units digit of 3001?
1
What is the hundreds digit of 2338?
3
What is the units digit of 16320?
0
What is the tens digit of 1880?
8
What is the hundreds digit of 680?
6
What is the thousands digit of 115469?
5
What is the hundreds digit of 939?
9
What is the units digit of 3278?
8
What is the units digit of 1667?
7
What is the tens digit of 5106?
0
What is the tens digit of 1449?
4
What is the units digit of 2719?
9
What is the units digit of 3395?
5
What is the hundreds digit of 17971?
9
What is the tens digit of 3473?
7
What is the thousands digit of 55689?
5
What is the hundreds digit of 25731?
7
What is the ten thousands digit of 38137?
3
What is the hundreds digit of 34085?
0
What is the tens digit of 5241?
4
What is the units digit of 434?
4
What is the units digit of 35331?
1
What is the ten thousands digit of 119991?
1
What is the thousands digit of 13145?
3
What is the hundreds digit of 1709?
7
What is the thousands digit of 3441?
3
What is the tens digit of 5448?
4
What is the tens digit of 545?
4
What is the ten thousands digit of 63209?
6
What is the tens digit of 3593?
9
What is the hundreds digit of 6642?
6
What is the thousands digit of 6459?
6
What is the units digit of 2289?
9
What is the tens digit of 763?
6
What is the units digit of 4649?
9
What is the tens digit of 11588?
8
What is the thousands digit of 37328?
7
What is the tens digit of 14469?
6
What is the thousands digit of 51004?
1
What is the tens digit of 1264?
6
What is the thousands digit of 2825?
2
What is the units digit of 5630?
0
What is the thousands digit of 15821?
5
What is the units digit of 2608?
8
What is the thousands digit of 4852?
4
What is the ten thousands digit of 13056?
1
What is the tens digit of 2565?
6
What is the units digit of 849?
9
What is the tens digit of 834?
3
What is the thousands digit of 8467?
8
What is the tens digit of 28653?
5
What is the units digit of 5271?
1
What is the hundreds digit of 46339?
3
What is the units digit of 1043?
3
What is the units digit of 4349?
9
What is the tens digit of 7079?
7
What is the thousands digit of 1348?
1
What is the units digit of 546?
6
What is the units digit of 698?
8
What is the units digit of 2986?
6
What is the thousands digit of 3030?
3
What is the units digit of 1917?
7
What is the tens digit of 9520?
2
What is the thousands digit of 6334?
6
What is the hundreds digit of 729?
7
What is the hundreds digit of 111446?
4
What is the units digit of 1983?
3
What is the tens digit of 153?
5
What is the hundreds digit of 37434?
4
What is the hundreds digit of 745?
7
What is the units digit of 1905?
5
What is the units digit of 702?
2
What is the tens digit of 2679?
7
What is the thousands digit of 1077?
1
What is the units digit of 4397?
7
What is the units digit of 855?
5
What is the thousands digit of 20235?
0
